4*z - 2*z. Let c = -42 + 89. Calculate the remainder when c is divided by k(-2).
11
Let v(f) = 61*f - 112. Calculate the remainder when v(3) is divided by 63.
8
Let b(t) = 60*t - 5. Calculate the remainder when b(3) is divided by 9.
4
Suppose -14*a - 17 = -87. Suppose 4*r - 48 = 2*u, a*r - 2*u + 22 = 8*r. What is the remainder when 29 is divided by r?
9
What is the remainder when (-1 + -4)/((-14)/350) is divided by 29?
9
Let s = 4 + 1. Suppose 0 = -s*p - 2*o + 2, 0 = p - 6*p + o + 14. Suppose -p*b + 15 - 3 = 0. What is the remainder when 10 is divided by b?
4
Let z = 557 + -523. Calculate the remainder when z is divided by 21.
13
Suppose -v = 2*f - 7, 5*f - 8 - 16 = 4*v. Suppose 7*w - 6 = f*w. Suppose 8 = 5*i - w. Calculate the remainder when i is divided by 1.
0
Let t(c) = 5*c - 12. Let v be t(3). Let x = 5 - v. What is the remainder when 7 is divided by x?
1
Suppose 3*j - 124 = 62. Suppose 2*i - 17 = 137. Suppose 3*q = -5*c + i, -c - 2*q - 82 = -6*c. Calculate the remainder when j is divided by c.
14
Let s(r) = -r**2 - 5*r + 13. Suppose -17*g + 18*g = -6. Let f be s(g). Suppose -66 - 39 = -f*w. What is the remainder when 29 is divided by w?
14
Suppose -3*y = 1187 - 1193. Suppose -2*c - 4*p - 4 = 0, -5*c - 3*p - 24 = -0*c. Let q = 12 + c. Calculate the remainder when q is divided by y.
0
Suppose -33 = -3*l - 0*l. Suppose 19 + l = 3*j. Calculate the remainder when 18 is divided by j.
8
Suppose -81*a + 85*a - 464 = 0. Calculate the remainder when a is divided by -1 - -1 - (-11 + -6).
14
Let u be (64/12)/(-8)*27. What is the remainder when 69 is divided by (-18)/(-81) - 644/u?
33
Let b be (112/12)/(1/3). What is the remainder when b + (2/(-1) - 0) is divided by (-56)/24*(-4 - -1)?
5
Suppose -2*y = -8, 2*y = -g + y - 5. Let m(l) = -4*l - 19. Calculate the remainder when 49 is divided by m(g).
15
Let t = -1944 + 2003. What is the remainder when 103 is divided by t?
44
Suppose -5*r + 22 = 3*m - 13, 5*r - 10 = 2*m. What is the remainder when 22 is divided by m?
2
Let n = -24 + 26. Suppose n*o - o - 25 = 0. Suppose 5*u + 5*s = 4*u + 4, 5*u = -2*s + 66. Calculate the remainder when o is divided by u.
11
Let j(l) = 2*l**3 - 9*l**2 + 6*l + 5. Calculate the remainder when j(6) is divided by 30.
29
Suppose -6*b = -435 - 129. Calculate the remainder when 273 is divided by b.
85
Let i(q) = 29*q - 156. What is the remainder when 481 is divided by i(6)?
13
Let k be ((-27)/(-6))/((-1)/(-12)). Let t be (-31)/(-62) + -71*(-3)/2. Let l = t - k. What is the remainder when l is divided by 18?
17
Suppose 19*k - 20*k = -4. Calculate the remainder when 31 is divided by k.
3
Suppose 46 = 17*f - 56. What is the remainder when f is divided by 6/(-15) - 17/(-5)?
0
Calculate the remainder when 194 is divided by (-8 + (-125)/(-10))*(-44)/(-6).
29
Let w(h) be the third derivative of h**5/30 - h**4/8 - 4*h**3/3 + 32*h**2. What is the remainder when 33 is divided by w(4)?
9
Let i = 11 + 4. Let n(a) = -a**3 - 4*a**2 + 7*a + 7. Calculate the remainder when n(-6) is divided by i.
7
Let x be 4 - 0 - (-1 + 1). What is the remainder when ((-50)/x)/(2/(-4)) is divided by -4 + -2 + 24 + -4?
11
Suppose s = -s + 4. Suppose 2 = -s*p - 4. Let i = p + 15. What is the remainder when 33 is divided by i?
9
Suppose -6*d + 2*d - 3*z = -34, -28 = -3*d - z. What is the remainder when 57 is divided by d?
7
Let u = 44 - 26. Suppose 2*c - 4*h - u = 0, 2*h - 52 = -5*c + 41. What is the remainder when 49 is divided by c?
15
Suppose -4 = 3*k - 5*k. Let a(v) = 2*v**3 - v**2 + v + 2. What is the remainder when 59 is divided by a(k)?
11
Let u(f) = -f**3 + f**2 + 2*f + 1. Let b(w) = -38*w + 1969. Calculate the remainder when b(51) is divided by u(-2).
4
Let r = -282 + 509. What is the remainder when r is divided by 29?
24
Suppose 10*w + 470 = 2140. What is the remainder when w is divided by 43?
38
Suppose b + 11 = -f, -5*b - f = -2*b + 27. Let p = -2 - b. What is the remainder when 17 is divided by p?
5
Let f = 5 + 1. Suppose 4*c + 18 = f*c. Calculate the remainder when c is divided by 1 + (2 - (2 - 3)).
1
Let r = 956 - 673. Calculate the remainder when r is divided by 26.
23
Let o = -18 + 20. Let i = 14 - o. What is the remainder when (-5 - 3)*(-93)/i is divided by 32?
30
What is the remainder when 35 is divided by ((-102)/(-119))/(1/7)?
5
Let a(y) = -y + 3. Let f be a(-16). Suppose 3*x + x = -4*v + 136, 0 = v - 2*x - f. What is the remainder when 114 is divided by v?
27
Let t(m) = m**2 + m + 8. Let u(i) = 6*i**2 - 25*i - 17. Calculate the remainder when u(8) is divided by t(4).
27
Calculate the remainder when ((-36)/4 - -4)*(-184)/5 is divided by 39.
28
Suppose 7*f - 11*f - 8 = 0. What is the remainder when (-122)/(-183) - (152/3)/f is divided by 15?
11
Let t = 679 - 182. Calculate the remainder when t is divided by 10.
7
Let j = -1047 + 1149. What is the remainder when 402 is divided by j?
96
Let a = 37 - -11. Suppose 3*z + 4 = -17. Let p(g) = -2*g + 11. Calculate the remainder when a is divided by p(z).
23
Let v = -223 - -227. What is the remainder when 60 is divided by v?
0
Suppose -61*c + 52*c = -135. Calculate the remainder when 98 is divided by c.
8
Let s = -10 - -29. What is the remainder when 41 is divided by s?
3
Let t = 806 + -775. What is the remainder when 307 is divided by t?
28
Suppose -2*d + 3*n = -6, -d + 0*d + 2*n = -4. Suppose -c + 16 = v - 16, d = -3*c + 3. Suppose -24 = -5*t + v. Calculate the remainder when 54 is divided by t.
10
Suppose -31*z = -34*z + 18. Calculate the remainder when 30 is divided by z.
0
Let s = -17 - -20. Suppose 0 = s*g - 128 - 31. What is the remainder when g is divided by 14?
11
Let y be (-8)/(-2*(-1)/(-19)). Suppose -5*t + 526 = 3*m, 4*m = 4*t - 207 - 201. Suppose -y = -5*v + t. Calculate the remainder when 106 is divided by v.
34
Calculate the remainder when 113 is divided by -3*((-226)/18 - 4/(-18)).
2
Let s(o) = 3*o - 5. Let k be s(3). Let d = 14 - k. Calculate the remainder when 35 is divided by d.
5
Suppose 0 = 3*z + z - 296. Suppose -246 + z = -4*x. Let w(y) = y + 2. Calculate the remainder when x is divided by w(7).
7
Let a(q) = 11*q**2 + 52*q + 11. What is the remainder when a(-6) is divided by 14?
11
Calculate the remainder when 159 is divided by ((-135)/25)/((-5)/25).
24
Let n = 98 - -21. Calculate the remainder when n is divided by (-42)/(-150)*30 - (12/5 + -2).
7
Let p(o) = 7*o - 37. Calculate the remainder when 35 is divided by p(9).
9
Suppose 3*c + 0*y = -3*y + 222, 3*c = y + 214. Calculate the remainder when c is divided by 39.
33
Let o(j) be the third derivative of j**5/12 + j**3 - 28*j**2. Calculate the remainder when o(-3) is divided by 11.
7
Let a(y) = -y**3 + 5*y**2 + 4*y + 1. Suppose 4*v - 2*u - 9 - 13 = 0, 2*v - 7 = -3*u. Let s = 8 - 2. What is the remainder when a(v) is divided by s?
3
Let c = 3450 + -3440. Calculate the remainder when 2 - 2 - (-68 - -1) is divided by c.
7
Suppose -5*z - 36 = -2*s - 4*z, -s + 9 = -5*z. Calculate the remainder when 145 is divided by s.
12
Let w(a) = -a**3 - 2*a**2 + a - 16. Calculate the remainder when 100 is divided by w(-5).
46
Suppose 8*j - 2859 + 739 = 0. What is the remainder when j is divided by 125?
15
Let t(h) = 3*h**2 - 12*h - 1. Suppose -7*r = -11*r + 20. What is the remainder when t(r) is divided by 5?
4
Let o(n) = -8*n**2 - 121*n - 2. Calculate the remainder when (4/(-10))/(2/(-320)) is divided by o(-15).
12
Suppose 4 + 21 = 2*a - r, -4*a + 35 = -5*r. Let z be (17 - 24)*(-15)/7. Calculate the remainder when 852/z - (-1)/5 is divided by a.
12
Let r(a) = -a**3 + 8*a**2 - 6*a - 2. Let v be r(7). Suppose -o + 29 = 2*c + 2, -o = -v. What is the remainder when 42 is divided by c?
9
Suppose 9*w = 13 + 14. Let g = w - -5. What is the remainder when g is divided by 8?
0
Let b = -45 + 47. Suppose -2*g + 26 = b*r, -4*g - r + 2*r + 37 = 0. What is the remainder when g is divided by 6?
4
Let s(g) = g**3 - 36*g**2 - 98*g + 89. Calculate the remainder when s(39) is divided by 16.
14
Let l(j) = 2*j - 2. Let f be (-1 - 1) + (11 - 7). Let k be l(f). Suppose k*r - 3*r + 8 = 0. What is the remainder when r is divided by 5?
3
Suppose 0 = 3*y - 5*z - 132 - 15, -3*y = 2*z - 147. Let x = 50 - y. What is the remainder when 4 is divided by x?
0
Let l = 39 - 37. Let v(x) = 4*x + 6. Calculate the remainder when 27 